= p**2 + 7*p - 7. Let x be y(-8). Suppose -5 = -r - x. Suppose -r*l + 40 = -2*l. What are the prime factors of l?
2, 5
Suppose 51*m - 55*m + 2000 = 0. List the prime factors of m.
2, 5
Let s(t) = 2 - 1 - 3*t - t. Suppose -4*g - 4*d = 12, -g = -0*g + 4*d - 3. List the prime factors of s(g).
3, 7
Suppose -2*w + 3*l = 2 - 0, 0 = -4*w + l + 16. Let k be (35*2/10)/((-2)/(-4)). Let o = k - w. List the prime factors of o.
3
Suppose -5*m + 5 = -5*n, 4 = -3*n + 2*m + 2. Suppose n = 2*j - 7*j + 2*g + 73, 61 = 4*j + g. What are the prime factors of j?
3, 5
Let f be 926/5 - 7/35. Suppose 5*u - 250 = -3*g + f, -3*u + 591 = 4*g. What are the prime factors of g?
2, 3, 5
Let l = -747 - -1545. What are the prime factors of l?
2, 3, 7, 19
Suppose -58 - 238 = -4*p. Suppose 0 = 4*d + d. Suppose d*r = -r + p. List the prime factors of r.
2, 37
Suppose 0 = 2*c + 96 - 274. Suppose 4*r = -16, -2*r + 7*r + c = 3*h. What are the prime factors of (h - -4) + 1*-3?
2, 3
Suppose 74 + 40 = -2*j. Let v = 77 - j. What are the prime factors of v?
2, 67
Let g = 46 - 61. Suppose 4*c = 32 + 36. Let t = g + c. What are the prime factors of t?
2
Suppose 0 = -m - 2*u + 33, 3*u - 37 = 2*m - 3*m. What are the prime factors of 97*(m/20 + (-2)/8)?
97
Let i(f) = -2*f**2 - 14*f + 10. Let a be i(-8). List the prime factors of (-296)/a + (-4)/3.
2, 3
Suppose 3524 = 3*d - 4762. List the prime factors of d.
2, 1381
Suppose -2*s + 4*s = 420. Let y = s + -67. List the prime factors of y.
11, 13
Suppose 37*f = 31*f + 20442. List the prime factors of f.
3407
Suppose -5*j + 2985 + 165 = 0. Suppose 9*c = 14*c - j. List the prime factors of c.
2, 3, 7
Let j = -1 + 81. Let u be 2 + (j + 0 - 2). Suppose 4*h - u = -8*x + 4*x, x + 95 = 4*h. What are the prime factors of h?
23
Let i(q) be the first derivative of 9*q**2/2 + 2*q - 3. What are the prime factors of i(1)?
11
Suppose 101 = -24*b - 91. List the prime factors of 346 - ((-4)/b)/(2/4).
3, 5, 23
Let v = 8771 - 5963. What are the prime factors of v?
2, 3, 13
Suppose -5*o - 3*y = -1490, 17*o = 13*o + 2*y + 1170. List the prime factors of o.
5, 59
Let v be 1/4 - 3790/(-40). Let g = v - 3. List the prime factors of g.
2, 23
Suppose -4*f = 3*m - 9, m - 4 = -5. Suppose f = -0*y + 3*y. What are the prime factors of -1 - (y - 9)*4?
31
Let n(y) = 3*y**3 - 7*y**2 - 3*y - 25. Let o(w) = w**3 - 4*w**2 - w - 13. Let t(l) = -2*n(l) + 5*o(l). What are the prime factors of t(-7)?
3
Let z be (-1)/5 + (-183)/(-15). Suppose -z*k + 28 = -10*k. List the prime factors of (-7)/(k/8) - -8.
2
What are the prime factors of (-1804)/(-8) + ((-6)/3)/4?
3, 5
Let f(w) = -52*w - 32. What are the prime factors of f(-26)?
2, 3, 5, 11
Let m = 133 + -129. Suppose 0 = -9*h + m*h + 510. List the prime factors of h.
2, 3, 17
Let x = -29 - -28. Let s be x/(351/(-87) - -4). Let w = -6 + s. List the prime factors of w.
23
What are the prime factors of (446463/(-226))/(((-45)/(-12))/(-5))?
2, 3, 439
Let b(o) = 95*o - 3. Let l be b(-2). Let x = -104 - l. List the prime factors of x.
89
Let x(g) be the first derivative of 7*g**2/2 + 6*g - 6. What are the prime factors of x(11)?
83
Let s = -6689 + 9574. What are the prime factors of s?
5, 577
Suppose -2*u = -3*u + 3. Suppose -u*h + 112 = 40. Suppose 2*b + 102 = 5*o - b, -2*o + h = 3*b. What are the prime factors of o?
2, 3
Let h = 532 - 344. What are the prime factors of h?
2, 47
Suppose -4*q - 12*x + 14*x + 1718 = 0, 0 = -4*q - 4*x + 1748. What are the prime factors of q?
2, 3
Let w(t) = -6 + 10 - 2 - 2*t + 0. Let r be w(0). Let u(j) = 5*j**3 + j**2 + 2. What are the prime factors of u(r)?
2, 23
Suppose b = -0 - 6. Let h(a) = -10*a + 3. Let n be h(b). Suppose -n + 24 = -3*m. List the prime factors of m.
13
Let h(x) = 2*x**2 + x - 3*x + 4 + 6*x + 0*x**2. Let l be h(-2). Suppose u = -l + 33. List the prime factors of u.
29
List the prime factors of (-26*42/(-3) + 6)*5.
2, 5, 37
Let b be (-24)/(-9)*(-12)/(-16). List the prime factors of -1 + (b - 436/(-2)).
3, 73
Let f(a) = -266*a - 4. Let u be f(-2). Suppose -3*s = -11*d + 8*d + u, d = 4*s + 185. What are the prime factors of d?
173
Let y(g) = 459*g + 32. List the prime factors of y(3).
1409
Suppose 86 = 5*c + 21. Let x = c - 13. Suppose -5*k = j - 65, x*j + 3*j = 2*k + 212. List the prime factors of j.
2, 5, 7
Let f(l) = 6*l - 3. Let i(o) = 4*o - 2. Let m(d) = -5*f(d) + 7*i(d). Let z(p) = p**3 - 24*p**2 + 43*p + 4. Let u be z(22). What are the prime factors of m(u)?
37
Suppose 4*s - 53 = 7. Suppose -k = u, 6*u = 2*u - k + s. Suppose 6 + 8 = 2*f - u*l, -5*f = -3*l - 35. What are the prime factors of f?
7
Let z(g) = -9*g**3 + 15*g**2 + 15*g - 20. What are the prime factors of z(-5)?
5, 281
List the prime factors of 0 - (-217008)/56 - 1/7.
5, 31
Suppose 7*l = 530 + 1570. List the prime factors of l.
2, 3, 5
What are the prime factors of ((-3955644)/187)/(-7) + 6/51?
2, 1511
Let t(b) = 99*b + 30. What are the prime factors of t(8)?
2, 3, 137
Let i(x) = -x**3 + x**2 - 2*x + 55. Suppose -17*j + 3*j = 0. List the prime factors of i(j).
5, 11
Let k(b) = 2*b - 2. Let u be k(10). Let m be (12/(-8) - -2)*u. Suppose 0 = v - m. List the prime factors of v.
3
Suppose -3*k - 3*f = -1023, 2*k - 5*f = 257 + 404. List the prime factors of k.
2, 13
Suppose 3*t = -154 + 4. What are the prime factors of 188/(-10)*t/20?
47
Let x be 2 - 1 - (-5 - -8). List the prime factors of (-3 + -6)*(0 - 3 - x).
3
Suppose 2*a - 5*z - 124 = 0, 3*a + 4*z - 3 - 183 = 0. Suppose -p + 3*p - 60 = 0. Let j = a - p. List the prime factors of j.
2
Suppose 3*c + 89 = -r - c, 2*c = -4*r - 370. Let j = 149 + r. List the prime factors of j.
2, 7
Let k(a) = a**3 - 7*a**2 + 5*a - 4. Let s(l) = l**3 - 8*l**2 + 5*l - 3. Let p(o) = 3*k(o) - 2*s(o). What are the prime factors of p(7)?
127
Let y = 67 + -36. Suppose 5*f - 34 = y. List the prime factors of f.
13
Let w be (-2)/9 + 2604/54. Suppose -4*m - w = -q - 456, -m + 102 = -5*q. List the prime factors of m.
2, 3, 17
Let t be (11 - 13)/(2/(-4)). Suppose -t*w + 620 = -7*a + 3*a, 0 = 4*w + a - 635. List the prime factors of w.
2, 79
Suppose -35*l + 10939 = -53811. List the prime factors of l.
2, 5, 37
Suppose -15*h - 60*h = -161925. List the prime factors of h.
17, 127
Let o(d) = -69*d**3 + 2*d + 1. Let r be o(-1). Suppose -2*q + 1 = 3*s - 0*q, 5*s - 4*q = -35. List the prime factors of (r/(-12))/(s/9).
17
Let y(m) = 9*m + 617. List the prime factors of y(11).
2, 179
Let p = -104 + 206. Suppose 2*g - 22 = 4*l, -3*g - 2*g - 5 = 5*l. Suppose -g*a = -h + 26, -3*h = 3*a - 0*a - p. List the prime factors of h.
2
Suppose -3*m + 17324 = 2*l, -91*m = -90*m + 5*l - 5753. What are the prime factors of m?
2, 3, 107
Let s(d) be the second derivative of -d**4/6 - d**3/3 + 81*d**2/2 - 6*d. What are the prime factors of s(0)?
3
Suppose 0 = 46*a + 24*a - 10640. List the prime factors of a.
2, 19
Let n(b) = -5*b**2 - 2*b. Let h be n(-2). Let x(j) = j**3 - 12*j**2 + 2*j - 22. Let m be x(12). List the prime factors of h*(0 + -2) + m.
2, 17
Let j(d) = -d**3 + 7*d**2 + 8*d. Let n be j(6). Let h = 142 - n. List the prime factors of h.
2, 29
Let w = -40 - -37. List the prime factors of w/(-15) - 216/(-20).
11
Suppose 3*j - 443 - 108 = -2*x, 2*j = 5*x - 1368. List the prime factors of x.
2, 137
Let f(r) = -227*r - 2. Let c be f(-1). Suppose -9*m = -c - 45. List the prime factors of m.
2, 3, 5
Suppose -2*y - 216 = 4*g, 5*y - 2*g = 2*g - 526. Let s = 206 + y. What are the prime factors of s?
2, 5
Let k(m) = m - 3. Let d be k(-3). Let o be ((-15)/d)/5*0. Suppose -h - 2 + 47 = o. List the prime factors of h.
3, 5
Suppose -1502 - 178 = -4*a. List the prime factors of a.
2, 3, 5, 7
Let z = -19 + 24. Let k be (27/z)/((-36)/(-120)). Let t = k + 18. List the prime factors of t.
2, 3
What are the prime factors of 12 + -8 + (3 - 1*-1943)?
2, 3, 5, 13
Let k be ((-9)/4)/(2/8). Let h(c) = -c - 14. Let n be h(k). What are the prime factors of (-4 - n) + 1*5?
2, 3
Let d(k) = -k**3 - 12*k**2 - 7*k + 7. Let z be d(-11). Suppose -3*x = -0*x - 3*a + 15, -4*x = 4*a + 4. What are the prime factors of z/x - 5/15?
2, 3
Let b = 888 + -600. List the prime factors of b.
2, 3
Suppose 10*u = u + 720. Let w = u - 8. List the prime factors of w.
2, 3
Let v be 162 + (-1)/(-2)*6. Suppose 5*p = 6*p + 5*x - 55, v = 2*p - x. Suppose 0 = 4*m + u - 160, 